{"id":49815,"date":"2025-02-10T17:01:10","date_gmt":"2025-02-10T16:01:10","guid":{"rendered":"https:\/\/friedlis-moosgarte.ch\/?page_id=49815"},"modified":"2025-03-29T12:47:44","modified_gmt":"2025-03-29T11:47:44","slug":"regenerative-landwirtschaft","status":"publish","type":"page","link":"https:\/\/friedlis-moosgarte.ch\/?page_id=49815","title":{"rendered":"Regenerative Landwirtschaft"},"content":{"rendered":"<p>[et_pb_section fb_built=&#8220;1&#8243; fullwidth=&#8220;on&#8220; _builder_version=&#8220;4.27.4&#8243; _module_preset=&#8220;default&#8220; global_colors_info=&#8220;{}&#8220;][et_pb_fullwidth_header title=&#8220;Regenerative Landwirtschaft&#8220; _builder_version=&#8220;4.27.4&#8243; _module_preset=&#8220;default&#8220; title_font=&#8220;Buda|700|||||||&#8220; title_text_color=&#8220;#000000&#8243; title_font_size=&#8220;60px&#8220; background_color=&#8220;gcid-body-color&#8220; background_image=&#8220;https:\/\/friedlis-moosgarte.ch\/wp-content\/uploads\/2025\/02\/20240802_061753-scaled.jpg&#8220; background_blend=&#8220;screen&#8220; global_colors_info=&#8220;{%22gcid-body-color%22:%91%22background_color%22%93}&#8220;][\/et_pb_fullwidth_header][\/et_pb_section][et_pb_section fb_built=&#8220;1&#8243; _builder_version=&#8220;4.27.4&#8243; _module_preset=&#8220;default&#8220; background_color=&#8220;gcid-29b6bcb3-a4ae-4811-8a9a-5ab654dde1f9&#8243; global_colors_info=&#8220;{%22gcid-29b6bcb3-a4ae-4811-8a9a-5ab654dde1f9%22:%91%22background_color%22%93}&#8220;][et_pb_row column_structure=&#8220;1_2,1_2&#8243; _builder_version=&#8220;4.27.4&#8243; _module_preset=&#8220;default&#8220; background_color=&#8220;gcid-secondary-color&#8220; custom_padding=&#8220;|20px||20px|false|false&#8220; global_colors_info=&#8220;{%22gcid-secondary-color%22:%91%22background_color%22%93}&#8220;][et_pb_column type=&#8220;1_2&#8243; _builder_version=&#8220;4.27.4&#8243; _module_preset=&#8220;default&#8220; global_colors_info=&#8220;{}&#8220;][et_pb_text _builder_version=&#8220;4.27.4&#8243; _module_preset=&#8220;default&#8220; text_text_color=&#8220;#000000&#8243; global_colors_info=&#8220;{}&#8220;]<\/p>\n<div dir=\"auto\"><\/div>\n<div dir=\"auto\">\n<div dir=\"auto\">Wir betreiben regenerative Landwirtschaft, was bedeutet, dass wir weitestgehend auf chemische Pflanzenschutzmittel verzichten. Unser Ziel ist es, den Boden langfristig fruchtbar und gesund zu erhalten.<\/div>\n<div dir=\"auto\"><\/div>\n<div dir=\"auto\">Auf unserer gesamten Ackerfl\u00e4che setzen wir, wenn n\u00f6tig, lediglich Herbizide zur gezielten Unkrautkontrolle ein. Den Schutz unserer Kulturen unterst\u00fctzen wir hingegen mit Effektiven Mikroorganismen (EM). Diese nat\u00fcrlichen Helfer f\u00f6rdern die Bodenaktivit\u00e4t und st\u00e4rken die Widerstandskraft der Pflanzen. Allerdings funktioniert dies nur, wenn der Boden bereits eine gewisse biologische Aktivit\u00e4t aufweist.<\/div>\n<\/div>\n<p>[\/et_pb_text][\/et_pb_column][et_pb_column type=&#8220;1_2&#8243; _builder_version=&#8220;4.27.4&#8243; _module_preset=&#8220;default&#8220; global_colors_info=&#8220;{}&#8220;][et_pb_image src=&#8220;https:\/\/friedlis-moosgarte.ch\/wp-content\/uploads\/2025\/02\/20240802_061721-scaled.jpg&#8220; title_text=&#8220;20240802_061721&#8243; _builder_version=&#8220;4.27.4&#8243; _module_preset=&#8220;default&#8220; max_width=&#8220;100%&#8220; module_alignment=&#8220;center&#8220; global_colors_info=&#8220;{}&#8220;][\/et_pb_image][\/et_pb_column][\/et_pb_row][et_pb_row column_structure=&#8220;1_2,1_2&#8243; _builder_version=&#8220;4.27.4&#8243; _module_preset=&#8220;default&#8220; background_color=&#8220;gcid-secondary-color&#8220; custom_padding=&#8220;|20px||20px|false|false&#8220; global_colors_info=&#8220;{%22gcid-secondary-color%22:%91%22background_color%22%93}&#8220;][et_pb_column type=&#8220;1_2&#8243; _builder_version=&#8220;4.27.4&#8243; _module_preset=&#8220;default&#8220; global_colors_info=&#8220;{}&#8220;][et_pb_image src=&#8220;https:\/\/friedlis-moosgarte.ch\/wp-content\/uploads\/2025\/02\/20240512_174906-scaled.jpg&#8220; title_text=&#8220;20240512_174906&#8243; _builder_version=&#8220;4.27.4&#8243; _module_preset=&#8220;default&#8220; global_colors_info=&#8220;{}&#8220;][\/et_pb_image][\/et_pb_column][et_pb_column type=&#8220;1_2&#8243; _builder_version=&#8220;4.27.4&#8243; _module_preset=&#8220;default&#8220; global_colors_info=&#8220;{}&#8220;][et_pb_text _builder_version=&#8220;4.27.4&#8243; _module_preset=&#8220;default&#8220; text_text_color=&#8220;#000000&#8243; global_colors_info=&#8220;{}&#8220;]<\/p>\n<div dir=\"auto\">Da sowohl die positiven als auch die negativen Eigenschaften eines landwirtschaftlichen Betriebs aus dem Boden resultieren, legen wir grossen Wert auf einen nachhaltigen und schonenden Umgang mit ihm. Durch den gezielten Einsatz von Gr\u00fcnd\u00fcngung und EM-Pr\u00e4paraten halten wir den Boden lebendig, f\u00f6rdern die Humusbildung und verbessern seine F\u00e4higkeit, CO\u2082 zu speichern. So leisten wir nicht nur einen Beitrag zur Ertragssteigerung, sondern auch zum Klimaschutz.<\/div>\n<div class=\"yj6qo\"><\/div>\n<div dir=\"auto\" class=\"adL\"><\/div>\n<p>[\/et_pb_text][\/et_pb_column][\/et_pb_row][\/et_pb_section]<\/p>\n","protected":false},"excerpt":{"rendered":"<p>Wir betreiben regenerative Landwirtschaft, was bedeutet, dass wir weitestgehend auf chemische Pflanzenschutzmittel verzichten. Unser Ziel ist es, den Boden langfristig fruchtbar und gesund zu erhalten. Auf unserer gesamten Ackerfl\u00e4che setzen wir, wenn n\u00f6tig, lediglich Herbizide zur gezielten Unkrautkontrolle ein. Den Schutz unserer Kulturen unterst\u00fctzen wir hingegen mit Effektiven Mikroorganismen (EM). Diese nat\u00fcrlichen Helfer f\u00f6rdern die [&hellip;]<\/p>\n","protected":false},"author":1,"featured_media":0,"parent":49810,"menu_order":2,"comment_status":"closed","ping_status":"closed","template":"","meta":{"_et_pb_use_builder":"on","_et_pb_old_content":"","_et_gb_content_width":"","footnotes":""},"class_list":["post-49815","page","type-page","status-publish","hentry"],"_links":{"self":[{"href":"https:\/\/friedlis-moosgarte.ch\/index.php?rest_route=\/wp\/v2\/pages\/49815","targetHints":{"allow":["GET"]}}],"collection":[{"href":"https:\/\/friedlis-moosgarte.ch\/index.php?rest_route=\/wp\/v2\/pages"}],"about":[{"href":"https:\/\/friedlis-moosgarte.ch\/index.php?rest_route=\/wp\/v2\/types\/page"}],"author":[{"embeddable":true,"href":"https:\/\/friedlis-moosgarte.ch\/index.php?rest_route=\/wp\/v2\/users\/1"}],"replies":[{"embeddable":true,"href":"https:\/\/friedlis-moosgarte.ch\/index.php?rest_route=%2Fwp%2Fv2%2Fcomments&post=49815"}],"version-history":[{"count":8,"href":"https:\/\/friedlis-moosgarte.ch\/index.php?rest_route=\/wp\/v2\/pages\/49815\/revisions"}],"predecessor-version":[{"id":50007,"href":"https:\/\/friedlis-moosgarte.ch\/index.php?rest_route=\/wp\/v2\/pages\/49815\/revisions\/50007"}],"up":[{"embeddable":true,"href":"https:\/\/friedlis-moosgarte.ch\/index.php?rest_route=\/wp\/v2\/pages\/49810"}],"wp:attachment":[{"href":"https:\/\/friedlis-moosgarte.ch\/index.php?rest_route=%2Fwp%2Fv2%2Fmedia&parent=49815"}],"curies":[{"name":"wp","href":"https:\/\/api.w.org\/{rel}","templated":true}]}}